 prime factors of 1816925961.
3, 605641987
List the prime factors of 33980068.
2, 359, 23663
What are the prime factors of 54315727?
54315727
What are the prime factors of 3377857091?
7, 68935859
List the prime factors of 99897419.
47, 2125477
List the prime factors of 52028726.
2, 19, 29, 31, 1523
List the prime factors of 4374804363.
3, 827, 1763323
List the prime factors of 9903321.
3, 881, 1249
What are the prime factors of 182092653?
3, 29, 697673
List the prime factors of 62386251.
3, 1327, 15671
List the prime factors of 154379558.
2, 251, 307529
List the prime factors of 1311852358.
2, 31, 223, 239, 397
List the prime factors of 241400373.
3, 80466791
List the prime factors of 1638040902.
2, 3, 449, 608033
List the prime factors of 298286172.
2, 3, 23, 227
List the prime factors of 1434650579.
1434650579
What are the prime factors of 221805788?
2, 55451447
List the prime factors of 3958760.
2, 5, 13, 23, 331
List the prime factors of 57401600.
2, 5, 8969
List the prime factors of 4932797792.
2, 13, 17, 697511
What are the prime factors of 166809943?
29, 43, 133769
List the prime factors of 5710849.
19, 41, 7331
What are the prime factors of 11467157?
13, 67853
List the prime factors of 635593659.
3, 37, 5726069
List the prime factors of 207643361.
59, 3519379
What are the prime factors of 12045325?
5, 481813
List the prime factors of 702394923.
3, 409, 572449
List the prime factors of 288093693.
3, 199, 482569
List the prime factors of 42888356.
2, 7, 97, 15791
What are the prime factors of 528582353?
13, 40660181
List the prime factors of 111455747.
13, 8573519
List the prime factors of 232726723.
89, 181, 14447
What are the prime factors of 265866134?
2, 139, 956353
What are the prime factors of 440240976?
2, 3, 7, 17, 23, 1117
What are the prime factors of 222973566?
2, 3, 37162261
What are the prime factors of 533035629?
3, 7, 17, 41, 61, 199
What are the prime factors of 80911481?
7, 19, 608357
List the prime factors of 148281644.
2, 7, 23, 37, 127
List the prime factors of 576397022.
2, 288198511
List the prime factors of 440998004.
2, 179, 615919
What are the prime factors of 49608530?
2, 5, 53, 93601
List the prime factors of 35855599.
13, 163, 16921
What are the prime factors of 55816462?
2, 13, 2146787
What are the prime factors of 104667773?
7, 2136077
List the prime factors of 107627636.
2, 4457, 6037
What are the prime factors of 62021077?
53, 1170209
List the prime factors of 9559393.
149, 64157
List the prime factors of 259873633.
259873633
What are the prime factors of 160710067?
7, 157, 257, 569
List the prime factors of 2620359667.
593, 4418819
What are the prime factors of 9186754512?
2, 3, 13, 14722363
List the prime factors of 41799197.
11, 3799927
What are the prime factors of 11073179?
13, 59, 14437
What are the prime factors of 96606869?
17, 1051, 5407
What are the prime factors of 1880740201?
1880740201
What are the prime factors of 119228396?
2, 7, 29, 146833
What are the prime factors of 1626919818?
2, 3, 7703, 35201
What are the prime factors of 633655476?
2, 3, 73, 241117
List the prime factors of 1559503688.
2, 599, 325439
List the prime factors of 107837464.
2, 7, 19, 43, 2357
What are the prime factors of 3389200735?
5, 677840147
List the prime factors of 100380272.
2, 6273767
What are the prime factors of 1419627074?
2, 89, 7975433
What are the prime factors of 269370577?
7, 59, 652229
List the prime factors of 511242469.
107, 4777967
What are the prime factors of 67632748?
2, 67, 73, 3457
List the prime factors of 107020513.
59, 389, 4663
List the prime factors of 4255565414.
2, 42943, 49549
List the prime factors of 149152078.
2, 5273, 14143
What are the prime factors of 693872726?
2, 349, 994087
What are the prime factors of 2099287?
2099287
What are the prime factors of 1729308013?
12659, 136607
What are the prime factors of 741927045?
3, 5, 49461803
List the prime factors of 7739593845.
3, 5, 515972923
What are the prime factors of 18062141?
19, 950639
What are the prime factors of 26428459?
26428459
List the prime factors of 1144833997.
3593, 318629
List the prime factors of 399713866.
2, 379, 527327
What are the prime factors of 458651666?
2, 11, 41, 461, 1103
What are the prime factors of 225405536?
2, 41, 171803
What are the prime factors of 51756027?
3, 563, 30643
List the prime factors of 1547480588.
2, 2011, 192377
List the prime factors of 85799490.
2, 3, 5, 7, 58367
What are the prime factors of 202977737?
23, 8825119
What are the prime factors of 76946561?
19, 59, 83, 827
What are the prime factors of 75265902?
2, 3, 17, 163, 503
What are the prime factors of 560790449?
560790449
What are the prime factors of 649253017?
7, 929, 99839
What are the prime factors of 2775249212?
2, 19, 127, 271, 1061
What are the prime factors of 24470108?
2, 13, 470579
List the prime factors of 60795271.
3389, 17939
What are the prime factors of 170384189?
43, 1303, 3041
What are the prime factors of 408414218?
2, 204207109
What are the prime factors of 130772790?
2, 3, 5, 307, 4733
What are the prime factors of 67840868?
2, 19, 892643
List the prime factors of 382207880.
2, 5, 1871, 5107
What are the prime factors of 107021432?
2, 7, 89, 109, 197
What are the prime factors of 42498359?
137, 179, 1733
List the prime factors of 7970549.
7970549
What are the prime factors of 3098787715?
5, 619757543
What are the prime factors of 30755845?
5, 229, 26861
What are the prime factors of 2450336714?
2, 7, 175024051
List the prime factors of 5764396.
2, 11, 131009
What are the prime factors of 1420371474?
2, 3, 367, 645037
What are the prime factors of 6422810652?
2, 3, 283, 210143
List the prime factors of 9356825.
5, 241, 1553
List the prime factors of 692170805.
5, 839, 164999
List the prime factors of 1039138477.
13, 61, 1310389
What are the prime factors of 1147745191?
17, 67514423
List the prime factors of 22060802.
2, 11030401
List the prime factors of 776388326.
2, 7, 223, 248683
List the prime factors of 364475906.
2, 182237953
What are the prime factors of 6117838990?
2, 5, 151, 541, 7489
List the prime factors of 458672015.
5, 91734403
List the prime factors of 109558341.
3, 571, 21319
What are the prime factors of 311153652?
2, 3, 17, 19, 26759
List the prime factors of 985742203.
71, 13883693
List the prime factors of 1887069274.
2, 257, 3671341
What are the prime factors of 688824681?
3, 31, 643, 11519
List the prime factors of 92901440.
2, 5, 290317
List the prime factors of 195214215.
3, 5, 7, 67, 27749
What are the prime factors of 722377099?
131, 5514329
List the prime factors of 1120596774.
2, 3, 11, 173, 98143
List the prime factors of 1588411401.
3, 911, 581197
List the prime factors of 2404962244.
2, 103, 5837287
What are the prime factors of 113782180?
2, 5, 73, 77933
List the prime factors of 269914910.
2, 5, 26991491
What are the prime factors of 3261940687?
73, 44684119
List the prime factors of 834856676.
2, 47, 4440727
List the prime factors of 1214444277.
3, 131, 191, 5393
What are the prime factors of 2544270557?
23, 193, 573163
List the prime factors of 2957896130.
2, 5, 7, 17, 2485627
What are the prime factors of 241988976?
2, 3, 31, 151, 359
What are the prime factors of 40380691?
13, 238939
List the prime factors of 48603235.
5, 19, 26927
What are the prime factors of 171746297?
73, 2352689
What are the prime factors of 459230564?
2, 13, 8831357
List the prime factors of 237862295.
5, 11, 379, 11411
List the prime factors of 55085125.
5, 440681
What are the prime factors of 2911547?
23, 277, 457
List the prime factors of 3679044850.
2, 5, 13, 47, 120427
List the prime factors of 203295117.
3, 19, 31, 103, 1117
List the prime factors of 285923466.
2, 3, 47, 112657
List the prime factors of 46605889.
11, 23, 41, 4493
What are the prime factors of 177566242?
2, 7, 61, 207923
List the prime factors of 16293454.
2, 73, 111599
List the prime factors of 2474467867.
61, 40565047
What are the prime factors of 189509492?
2, 631, 75083
List the prime factors of 251984906.
2, 125992453
List the prime factors of 16477416.
2, 3, 228853
List the prime factors of 7237780833.
3, 983, 2454317
What are the prime factors of 37923910?
2, 5, 3792391
List the prime factors of 103312763.
3359, 30757
W